13.
8
Evaluate -28 + 1 - (-166 + 105 + -47).
81
Calculate 2 + (-5 - 8 - (-1 + (9 - 4))).
-15
Calculate (35 - (12 + -10)) + -1 + (-1 - -16).
47
Evaluate -6 + 27 + -22 + (-3 - -11) - (4 + -70).
73
What is the value of (180 - 0) + -3997 + 3868?
51
What is -65 + 4 + 26 + 6 + -36?
-65
Calculate (-17 - (-10 - (-16 - (5 + -17) - 1))) + 1.
-11
What is the value of 57 + (-69 + 35 - 9)?
14
-71 - -62 - (-7 - 50 - -4)
44
What is the value of -694 - -672 - (-24 - 4)?
6
What is -46 + (-41 - (-74 - -6))?
-19
What is the value of (-8 + -13 - -16) + (33 - 86)?
-58
What is the value of -38 - (54 - (27 - -38))?
-27
What is the value of (-4 - (32 - 31)) + (-1 - (-4 + -8))?
6
What is the value of 10 + -29 + (31 - (-1 + -43))?
56
Evaluate (-3 - -8) + (0 - 0) + (101 - (228 - 104)).
-18
Calculate 0 + 13 - (-12 + 62 + -10 - 125).
98
What is 14 + -1 + 53 + (28 - (60 - 17))?
51
Calculate 65 - ((206 - 221) + (0 - -30)) - (2 - 3).
51
Calculate 58 - (15 + -18 + -2) - ((-6 - -2) + 9).
58
Calculate -6 + 48 - (-3 + (-27 + 8 - -24)).
40
Calculate (2 - -1) + -10 - (-106 - -92 - (-11 - -2)).
-2
Evaluate (39 - 34) + (0 - 2) - (-18 - 25).
46
Calculate 7 - (123 - 99) - -93.
76
What is 0 + 1 + -22 + 122 + (-128 - 10)?
-37
What is -32 + (37 - -47 - 119)?
-67
Calculate (-9 - (13 - (-8 + 18)) - 4) + (-2 - -9).
-9
40 - (0 + 35 + (25 - 31))
11
What is the value of 10 - (-6 + 26 + -6 + (-7 - -3) - -66)?
-66
What is the value of (-35 - (34 - 56)) + -14?
-27
Calculate (-11 - -32) + -19 - (-24 + 17).
9
What is the value of 22 + -6 - ((59 - 1) + -34) - 40?
-48
Evaluate -17 + (15 - (5 - -10)) + 35 + 11 + -4.
25
What is 71 - 153 - -151 - (41 - -1)?
27
(4 - 4) + 19 + -10 + -42 + -14
-47
What is the value of -42 + (2 - 33 - (-17 - 37))?
-19
What is the value of -11 + 5 + -96 + 10 + (67 - 84)?
-109
-1 + 23 + 9 + -46 + 52 - 5
32
What is the value of (-46 - -35) + (3 - -1 - 1) - (-9 + 13)?
-12
What is -13 + 14 + -5 + (-2 - 50 - 1)?
-57
Evaluate (-50 - (-56 + -58)) + -7.
57
What is 1 + 39 + 30 + -15 + -12 + 5?
48
Evaluate 98 + (-67 - (137 - 90)).
-16
What is the value of -23 + -1 + 0 - (-1560 - -1581)?
-45
-4 + -13 + 18 + -1 - 29
-29
-1 + (4 - (-13 - -31)) + -47 - -3
-59
-1 + 74 + 292 + -79 + -248
38
Evaluate (-1 - 19) + 40 + -45.
-25
-416 - -417 - (0 + 7) - (2 - 36)
28
-112 - 2 - (-249 - -123)
12
Evaluate 180 - 247 - (-5 - 17).
-45
2 + -40 - -3 - (-152 - -144)
-27
Evaluate -53 + 5 + 16 - -64 - -11.
43
Evaluate (226 + -98 - 149) + 0 + 2.
-19
Calculate 12 - (18 + (10 - 12)) - (2 + -31) - 12.
13
(7 - 25 - (-90 + 4) - 18) + -2
48
Evaluate (-3 + 5 - 2 - (46 - 54)) + 34.
42
What is the value of 17 + 13 + -17 + (-8 - 0) - 63?
-58
Evaluate (9 - (1 - -18 - 15 - (1 - -3))) + -97.
-88
What is the value of 11 + (-107 - -61) + (-6 - -1) - -3?
-37
Calculate (5 - -7) + 19 + -4.
27
What is -4 + ((1 - (21 - 12 - 3)) + 18 - -1)?
10
What is the value of -3 + 106 - (20 - (-79 + 98))?
102
Evaluate -14 + (14 + 0 - (-1 + 3)) + -2318 + 2296.
-24
Evaluate 1 + -10 - (-35 + 134 + -62).
-46
(-13 + 51 - -76) + -37
77
What is the value of (-126 - -106) + (8 - 13)?
-25
Calculate -8 + (-686 + 676 - (2 + -5 + 0 + -38)).
23
What is the value of (46 - 50) + 4 - (-4 + 3 + 11) - -138?
128
What is 72 - 154 - (42 - 11)?
-113
Evaluate (67 - (-154 + 245)) + 0 + 1.
-23
Evaluate 11 + (-15 - 13) + 23 + (54 - -7).
67
-38 - (-31 + -16 + 52)
-43
Calculate 27 + 1 - (231 + -247) - 7.
37
Calculate (-8 - -39) + -40 + 16.
7
What is the value of -30 + 49 - (3 + -13) - 3?
26
Evaluate -1680 + 1646 - (1 + -97) - (8 - -1).
53
What is (1 - -22 - (1238 - 1226)) + -32?
-21
What is 11 - (5 + -2 - 10 - (51 + 13 + -18))?
64
What is -5 - (8 + -27 - 27)?
41
11 + 4 + 32 + -17
30
What is (3 - 115) + 8 + 16 + -73 + 64?
-97
Evaluate -34 - -1 - (552 - 577).
-8
Calculate -56 + (1 - -2) + (-32 + 11 - -30).
-44
What is -251 + 212 + (-7 - -72)?
26
What is the value of 16 + (-73 - 5) - 68?
-130
What is the value of -2 + -6 + -10 + (7 - -9 - 23) + 4?
-21
Evaluate 13 + (21 - (16 + (-4 - 4))) + -80.
-54
Calculate (159 - 9) + 202 + -271.
81
Calculate ((1 - 9) + -2 - (1 - 1)) + 28.
18
Evaluate (3 - 4) + (37 - 8 - (2 - -11)).
15
(-2 - -40) + (10 - (-17 + 4 + 12))
49
Calculate 1 + -6 + 9 + (30 - 43).
-9
Evaluate (40 - -25) + -72 + 20 + -1.
12
What is -38 + (-66 - -110) + 111 + (1 - 25)?
93
What is the value of (-8 + 15 + -2 - (-52 + 71)) + 38 + 3?
27
What is (-14 - (16 - 30)) + -1 + -1 + -11?
-13
What is -2 + (-10 - -1) + -391 + 354?
-48
10 + -2 + (-69 - -16) + -41 + -18
-104
(19 - 21) + (-31 + -19 + 15 - -17)
-20
(6 - 40 - -33) + 7 + -31
-25
What is the value of (-39 - -52) + 1 + 9 + -2 + -25?
-4
Calculate 69 + (-24 - (-47 + 29)).
63
-68 + (-12 - 12) + (35 - 29)
-86
Calculate (-1 - -68) + 91 + 115 + -211.
62
Calculate -1 - (0 - -115) - (-3 + (-85 + 49 - -40)).
-117
-49 + 2 + (-2 - (0 + 8) - -13)
-44
-5 + 1 + 50 + -53
-7
Calculate (125 - 123) + (3 - (8 + -6)).
3
Calculate (-307 - -371) + -85 + -7.
-28
-68 - (-44 + 64 - 47)
-41
Calculate (-9 - -13) + -53 - (-672 + 565).
58
-25 - (-8 + -13 + 6) - (-1 + 3)
-12
(16 - 7 - 2 - 21) + (70 + 12 - -2)
70
0 + 7 + 3 + 0 + -3 - (5145 + -5089)
-49
What is 63 - (-9 + -4 + 29 + 15)?
32
What is the value of -11 + -2 + 3 - -24 - (-7 - (-15 - -11))?
17
Calculate (2 - 35) + 166 - (6 - (13 - 6)).
134
What is 106 - -3 - (-69 + 213 + -138)?
103
What is the value of (-12 - 7) + (-20 - (-15 + -3) - 60)?
-81
27 + (129 + -111 - (0 - -12))
33
What is the value of (21 - (15 + (-14 - -8)) - 6) + -2 + 19?
23
-37 + -25 + 53 + 11 + 1 - 7 - -105
101
(-85 - -62) + (6 + 10 - 0)
-7
What is the value of -22 - (23 + (-25 - -2) + 29)?
-51
Evaluate (14 - (-4 + -14 + 16)) + -44.
-28
Calculate 76 - 163 - -47 - (-3 - -2 - -4).
-43
(4 + 16 - (-20 + 38 + 1)) + (2 - 15)
-12
Calculate 7 - (5 - 7 - (-21 + 17)) - -2.
7
What is the value of 8 + (3 - 24) - (-2 - (0 - 32))?
-43
What is the value of (117 - 26) + -102 - (6 + 3 + -4)?
-16
-197 - -172 - (6 - (6 - -61))
36
(43147 - 43183) + (-1 + 0 - -61)
24
Calculate 4 + (-32 - -32) - -3 - (-1 + 17) - 63.
-72
What is -21 + 2 + (21 - (33 - 0))?
-31
Calculate 149 - -2 - (-6 + 8 + 43 + (33 - 65)).
138
What is (-66 - -72) + -5 + 60?
61
What is 51 - (9 - -30) - 132 - 15?
-135
What is the value of 148 - 156 - (8 + 3)?
-19
Evaluate (-33 - -27) + (-10 - -8) + -1.
-9
Calculate 102 + (-132 - 11 - -72) - (21 - -1).
9
-1304 + 1292 + -5 + 2 + (-5 + 5 - 26)
-41
Calculate 17 - (4 + -8 + -2 - (-2 + -77)).
-56
What is the value of 0 - (-39 - -20 - (-1 - 13)) - (-4 + 90)?
-81
What is -48 + (54 - (74 + -68))?
0
What is (-19 - (4 - -18 - 34)) + -21?
-28
Calculate 3 + (0 + 28 + -6 - -11) - -6.
42
What is 4 + (-68 - -128) + -51?
13
What is the value of -38 - (-128 + 1 + 30)?
59
What is 1 - 19 - (4 + -11 - (173 - 82))?
80
What is the value of -89 - 12 - -160 - (1 + -18)?
76
Evaluate 0 - 26 - (38 + 2 + -47) - 11.
-30
Evaluate -90 + 97 + 110 + -158.
-41
Calculate (11 - -3 - 0) + (17 - (-45 - -69)) + -69.
-62
What is the value of 21 - 70 - (-6 + 1 + -4 + (0 - -3))?
-43
What is -36530 - -36516 - (39 - (0 + 1 + 1))?
-51
Calculate -40 + (68 - 7) - (23 - 1).
-1
Evaluate -5 - (-10 + (3 - 82) - (2 + -16)).
70
What is the value of (-2 - (46 - 5)) + -1 + 60 + -67?
-51
Evaluate 1510 - 1518 - (-1 + 15 + (2 - 3)).
-21
Calculate -12 + -3 - (83 + -176 + 62).
16
21 + 15 + (-77 - -7)
-34
Evaluate 8 - ((6 - (0 - 15)) + -7).
-6
Calculate (25 - 2) + -2 + -271 + 269.
19
Calculate (7 - (-52 - 0)) + (15 - -3 - -4) + -13.
68
What is the value of (55 - 49) + (1 + -4 + 3 + 2 - -37)?
45
What is the value of -8 - ((-52 - (-45 - -4)) + (3 + -2 - -20))?
-18
9 - ((0 + 8 - 3) + -11 + 73) - 11
-69
What is the value of 19 - 50 - -41 - -2 - 149?
-137
What is -21 - (-4 + 10 - (49 + -39))?
-17
Evaluate -87 + 58 + 54 - (-4 + 8 - 18).
39
Evaluate 7 - (-63 + 49) - 46.
-25
-121 - -113 - ((-1 - 13) + 2) - (58 + -2)
-52
Evaluate 10 - (7 + (-12 + 22 - 4)).
-3
What is 7 + 1 + 1 + -53 + (23 - (-2 + -3))?
-16
Calculate -6 + 17 + 12 + -31.
-8
(-4 - (22 - (16 - 5))) + (-3 - -44)
26
(-17 - (-16 - 14)) + 49 - 22
40
1 + (-4 - -23) + 2 - -16
38
Calculate 73 - (-30 - (49 + -120)).
32
What is 42 + (-27 - 38) - 10?
-33
What is the value of (2 - -39) + (-1 - (-23 + 30)) + 2 + -2?
33
What is 23 - (13 - (9 - (14 + -4)))?
9
-18 + 2 + (137 - (32 - (9 + 45)))
143
What is the value of 1 + (-16 + 91 - ((7 + -8 - 6) +